e the remainder when 116791353 is divided by 7786090.
3
Calculate the remainder when 114007753 is divided by 15.
13
What is the remainder when 2363203 is divided by 393844?
139
What is the remainder when 8458204 is divided by 10816?
92
What is the remainder when 63143 is divided by 6186?
1283
Calculate the remainder when 15257300 is divided by 56093.
4
Calculate the remainder when 31296 is divided by 29042.
2254
What is the remainder when 326402046 is divided by 25?
21
Calculate the remainder when 288569 is divided by 22055.
1854
Calculate the remainder when 45830721 is divided by 180.
21
What is the remainder when 60215832 is divided by 1720452?
12
What is the remainder when 2583255 is divided by 12301?
45
What is the remainder when 348154 is divided by 28962?
610
Calculate the remainder when 48357 is divided by 1053.
972
Calculate the remainder when 155021 is divided by 76117.
2787
What is the remainder when 369570 is divided by 19365?
1635
What is the remainder when 2754336782 is divided by 15415?
15412
Calculate the remainder when 324957 is divided by 108169.
450
What is the remainder when 2454816108 is divided by 11?
8
Calculate the remainder when 884748 is divided by 98269.
327
Calculate the remainder when 5205430 is divided by 1587.
70
Calculate the remainder when 262316 is divided by 5168.
3916
What is the remainder when 27965944 is divided by 10?
4
Calculate the remainder when 59061 is divided by 28124.
2813
Calculate the remainder when 127953247 is divided by 9.
4
Calculate the remainder when 113062815 is divided by 1122.
1119
Calculate the remainder when 1206826 is divided by 5.
1
What is the remainder when 19384 is divided by 2151?
25
Calculate the remainder when 1045077 is divided by 313.
283
Calculate the remainder when 4166298 is divided by 2411.
90
What is the remainder when 12991823 is divided by 2948?
2935
Calculate the remainder when 60386 is divided by 1672.
194
What is the remainder when 797130 is divided by 1174?
1158
Calculate the remainder when 102414 is divided by 2136.
2022
Calculate the remainder when 818831 is divided by 818.
13
What is the remainder when 4370633 is divided by 1562?
157
Calculate the remainder when 4025366 is divided by 2059.
21
Calculate the remainder when 16994 is divided by 16175.
819
What is the remainder when 795237 is divided by 79523?
7
Calculate the remainder when 3053899 is divided by 3576.
3571
What is the remainder when 1975740 is divided by 2033?
1697
Calculate the remainder when 153179 is divided by 2895.
2639
Calculate the remainder when 21397226 is divided by 668663.
10
What is the remainder when 335529 is divided by 292?
21
What is the remainder when 930527805 is divided by 3008?
3005
Calculate the remainder when 1445833 is divided by 722651.
531
What is the remainder when 17301963 is divided by 18251?
15
What is the remainder when 4813422 is divided by 2057?
42
Calculate the remainder when 221716 is divided by 612.
172
What is the remainder when 89837 is divided by 43983?
1871
What is the remainder when 1172866 is divided by 9163?
2
What is the remainder when 15665 is divided by 2954?
895
What is the remainder when 1265555934 is divided by 16?
14
What is the remainder when 1356127 is divided by 452034?
25
What is the remainder when 1699444 is divided by 4954?
222
What is the remainder when 688775 is divided by 687245?
1530
What is the remainder when 2108075 is divided by 11038?
10855
What is the remainder when 28184932 is divided by 105?
97
What is the remainder when 28201390 is divided by 4028769?
7
Calculate the remainder when 729085 is divided by 125.
85
Calculate the remainder when 14912427 is divided by 30126.
57
What is the remainder when 2130556 is divided by 1050?
106
What is the remainder when 1511417 is divided by 97?
60
What is the remainder when 641413 is divided by 2324?
2313
What is the remainder when 6631 is divided by 174?
19
What is the remainder when 14026566 is divided by 110?
26
What is the remainder when 1458644 is divided by 420?
404
What is the remainder when 86116 is divided by 28402?
910
What is the remainder when 31349076 is divided by 6269812?
16
Calculate the remainder when 168462 is divided by 84206.
50
What is the remainder when 3047622 is divided by 1630?
1152
What is the remainder when 28908 is divided by 132?
0
What is the remainder when 916462 is divided by 183234?
292
Calculate the remainder when 164538568 is divided by 13792.
8
What is the remainder when 676071 is divided by 61454?
77
Calculate the remainder when 15846985 is divided by 3961742.
17
What is the remainder when 1824765 is divided by 364940?
65
What is the remainder when 56616040 is divided by 224?
40
Calculate the remainder when 510582 is divided by 127543.
410
Calculate the remainder when 67605367 is divided by 10.
7
What is the remainder when 330416 is divided by 1320?
416
What is the remainder when 10172231 is divided by 2034445?
6
What is the remainder when 62801533 is divided by 117167?
21
What is the remainder when 703607 is divided by 175849?
211
Calculate the remainder when 222812 is divided by 74150.
362
What is the remainder when 1601566 is divided by 4882?
270
Calculate the remainder when 4667968 is divided by 666849.
25
What is the remainder when 50300800 is divided by 20406?
10
Calculate the remainder when 2432173 is divided by 5961.
85
What is the remainder when 78026901 is divided by 13004481?
15
Calculate the remainder when 2504303 is divided by 1583.
1580
Calculate the remainder when 322752 is divided by 592.
112
Calculate the remainder when 3528288 is divided by 5354.
2
Calculate the remainder when 29832215 is divided by 338.
335
What is the remainder when 2765909 is divided by 542?
83
What is the remainder when 8498793 is divided by 20479?
8
Calculate the remainder when 1801490 is divided by 635.
630
Calculate the remainder when 36878955 is divided by 9219734.
19
What is the remainder when 1523204 is divided by 640?
4
Calculate the remainder when 751811 is divided by 44217.
122
What is the remainder when 22118 is divided by 21772?
346
Calculate the remainder when 164205 is divided by 2674.
1091
What is the remainder when 82487856 is divided by 88?
0
What is the remainder when 153107 is divided by 2639?
45
Calculate the remainder when 237524095 is divided by 24.
7
What is the remainder when 64551067 is divided by 29?
25
What is the remainder when 257524 is divided by 2156?
960
Calculate the remainder when 252341 is divided by 13931.
1583
Calculate the remainder when 26330773 is divided by 74.
19
What is the remainder when 40241122 is divided by 324525?
22
Calculate the remainder when 122355 is divided by 521.
441
What is the remainder when 1436252 is divided by 586?
552
What is the remainder when 6383890 is divided by 2127876?
262
What is the remainder when 3098708 is divided by 1549059?
590
Calculate the remainder when 2180 is divided by 777.
626
What is the remainder when 589218 is divided by 13?
6
What is the remainder when 87483 is divided by 12480?
123
Calculate the remainder when 312937027 is divided by 3107.
3094
Calculate the remainder when 360315 is divided by 1247.
1179
What is the remainder when 18574 is divided by 18355?
219
What is the remainder when 18583 is divided by 159?
139
What is the remainder when 7170484 is divided by 538?
20
What is the remainder when 116221 is divided by 3896?
3237
What is the remainder when 4802638 is divided by 26?
22
Calculate the remainder when 333471 is divided by 599.
427
Calculate the remainder when 11593 is divided by 89.
23
Calculate the remainder when 14876692 is divided by 1595.
127
Calculate the remainder when 4336402 is divided by 246.
160
Calculate the remainder when 83447 is divided by 27224.
1775
What is the remainder when 249273 is divided by 4732?
3209
What is the remainder when 7689074 is divided by 26514?
14
Calculate the remainder when 17206548 is divided by 141037.
34
Calculate the remainder when 2351870 is divided by 806.
768
Calculate the remainder when 149178907 is divided by 17.
14
Calculate the remainder when 3174519 is divided by 1587242.
35
Calculate the remainder when 1106055 is divided by 31598.
125
Calculate the remainder when 55106258 is divided by 12317.
0
What is the remainder when 20285